2, 5, 52383869
What are the prime factors of 5894007?
3, 7, 467, 601
List the prime factors of 210933931.
13, 16225687
List the prime factors of 319201163.
17, 18776539
List the prime factors of 12279386.
2, 7, 307, 2857
What are the prime factors of 189978877?
11, 113, 152839
What are the prime factors of 4211001882?
2, 3, 19, 263, 46817
List the prime factors of 68303651.
13, 19, 43, 59, 109
What are the prime factors of 360493459?
421, 856279
What are the prime factors of 3695781799?
101, 36591899
What are the prime factors of 279256036?
2, 421, 165829
What are the prime factors of 219359375?
5, 101, 139
What are the prime factors of 261240029?
261240029
What are the prime factors of 115567411?
17, 31, 219293
List the prime factors of 81548822.
2, 1607, 25373
List the prime factors of 8320652479.
29, 53, 61, 88747
What are the prime factors of 380428073?
23, 16540351
What are the prime factors of 246216529?
13, 383, 49451
List the prime factors of 21687043.
7, 59, 52511
List the prime factors of 57591533.
57591533
What are the prime factors of 94204378?
2, 17, 257, 10781
List the prime factors of 283647627.
3, 71, 443893
What are the prime factors of 5991333089?
7, 23, 1193, 31193
What are the prime factors of 12135277?
7, 11, 359, 439
What are the prime factors of 42280892?
2, 10570223
What are the prime factors of 421718988?
2, 3, 179, 196331
What are the prime factors of 434623573?
67, 6486919
List the prime factors of 22621108.
2, 1039, 5443
What are the prime factors of 833400249?
3, 11, 19, 31, 53, 809
List the prime factors of 110058534.
2, 3, 79, 25799
What are the prime factors of 1302876846?
2, 3, 53, 455233
List the prime factors of 12079218.
2, 3, 293, 6871
List the prime factors of 2427544491.
3, 809181497
What are the prime factors of 7309516794?
2, 3, 23, 4093, 12941
What are the prime factors of 42718739?
7, 17, 51283
List the prime factors of 344736701.
281, 1226821
List the prime factors of 1032360.
2, 3, 5, 7, 1229
List the prime factors of 41517324.
2, 3, 797, 1447
What are the prime factors of 177848052?
2, 3, 23, 644377
What are the prime factors of 78575167?
11, 229, 31193
What are the prime factors of 5330071671?
3, 3019, 588503
What are the prime factors of 89075554?
2, 389, 114493
What are the prime factors of 615611224?
2, 103, 563, 1327
List the prime factors of 1588320005.
5, 317664001
What are the prime factors of 88653506?
2, 19, 2332987
List the prime factors of 26057358.
2, 3, 1447631
List the prime factors of 142685846.
2, 2081, 34283
List the prime factors of 1736614899.
3, 43, 829, 5413
What are the prime factors of 71752759?
13, 19, 290497
What are the prime factors of 322429787?
322429787
What are the prime factors of 1971129506?
2, 211, 4670923
List the prime factors of 109678994.
2, 59, 929483
List the prime factors of 3965659503.
3, 13, 101683577
What are the prime factors of 49077019?
19, 29, 89069
List the prime factors of 38369197.
38369197
List the prime factors of 2095223063.
137, 15293599
List the prime factors of 65235208.
2, 19, 163, 2633
What are the prime factors of 348370612?
2, 1063, 81931
What are the prime factors of 3790545062?
2, 1895272531
What are the prime factors of 105966552?
2, 3, 4415273
What are the prime factors of 2098072496?
2, 13, 1433, 7039
List the prime factors of 54692940.
2, 3, 5, 911549
What are the prime factors of 12196672?
2, 190573
What are the prime factors of 326400077?
326400077
What are the prime factors of 2356284575?
5, 17, 1471, 3769
List the prime factors of 5930476303.
61, 2797, 34759
What are the prime factors of 1535262407?
7, 29, 7562869
What are the prime factors of 85694342?
2, 263, 162917
What are the prime factors of 366983588?
2, 6599, 13903
List the prime factors of 23461240.
2, 5, 11, 71, 751
List the prime factors of 7160134943.
13, 107, 1489, 3457
List the prime factors of 1075459720.
2, 5, 71, 378683
List the prime factors of 2603007403.
359, 7250717
List the prime factors of 1760977650.
2, 3, 5, 11739851
List the prime factors of 108966053.
7, 67, 33191
What are the prime factors of 101592895?
5, 20318579
List the prime factors of 139666982.
2, 7, 13, 397, 1933
What are the prime factors of 643058594?
2, 37, 8689981
What are the prime factors of 441356975?
5, 17, 1038487
List the prime factors of 7717466.
2, 23, 167771
What are the prime factors of 956749923?
3, 106305547
What are the prime factors of 39207933?
3, 17, 61, 4201
What are the prime factors of 1806823567?
109, 16576363
List the prime factors of 4426160035.
5, 11, 17, 233, 1847
What are the prime factors of 137135603?
11, 12466873
What are the prime factors of 838138676?
2, 23, 9110203
What are the prime factors of 300333435?
3, 5, 20022229
What are the prime factors of 4833867686?
2, 17, 557, 255247
What are the prime factors of 43108828?
2, 7, 219943
List the prime factors of 1057023117.
3, 29, 4049897
List the prime factors of 112775940.
2, 3, 5, 626533
What are the prime factors of 3240988212?
2, 3, 7, 11, 37, 47, 2017
List the prime factors of 50552779.
50552779
What are the prime factors of 115982899?
61, 1901359
List the prime factors of 33483852.
2, 3, 19, 48953
What are the prime factors of 40538010?
2, 3, 5, 1351267
What are the prime factors of 187849197?
3, 20872133
List the prime factors of 81430915.
5, 59, 276037
List the prime factors of 294664321.
7, 491, 85733
List the prime factors of 404591034.
2, 3, 41, 613, 2683
What are the prime factors of 41373183?
3, 13791061
List the prime factors of 1283497517.
30727, 41771
List the prime factors of 259877930.
2, 5, 13, 1999061
What are the prime factors of 235279120?
2, 5, 2940989
List the prime factors of 1285736515.
5, 7, 71, 517399
What are the prime factors of 611212955?
5, 122242591
What are the prime factors of 1634249435?
5, 7, 13, 53, 401
List the prime factors of 5431688166.
2, 3, 193, 977, 4801
List the prime factors of 108475251.
3, 36158417
What are the prime factors of 693522259?
17, 443, 5417
List the prime factors of 12984977.
71, 182887
List the prime factors of 4441250.
2, 5, 11, 17, 19
List the prime factors of 61388792.
2, 59, 83, 1567
What are the prime factors of 286274572?
2, 1399, 51157
List the prime factors of 336757921.
181, 409, 4549
List the prime factors of 2188887732.
2, 3, 487, 41617
List the prime factors of 59884378.
2, 2087, 14347
List the prime factors of 20963528.
2, 2620441
List the prime factors of 821491318.
2, 457, 898787
List the prime factors of 184085671.
7, 11, 2390723
What are the prime factors of 135383512?
2, 11, 17, 19, 433
What are the prime factors of 732226860?
2, 3, 5, 337, 12071
List the prime factors of 234802587.
3, 31, 113, 22343
List the prime factors of 197369612.
2, 11, 1187, 3779
List the prime factors of 7070816370.
2, 3, 5, 19, 43, 6709
What are the prime factors of 364636218?
2, 3, 1097, 55399
List the prime factors of 314793598.
2, 7, 433, 51929
What are the prime factors of 572970974?
2, 37, 821, 9431
List the prime factors of 609825421.
107, 269, 21187
What are the prime factors of 1123002103?
1123002103
What are the prime factors of 1332170833?
7, 23, 83, 131, 761
What are the prime factors of 316701883?
316701883
List the prime factors of 393417027.
3, 367, 39703
What are the prime factors of 85005179?
7, 103, 117899
List the prime factors of 107073466.
2, 1787, 29959
What are the prime factors of 17936771?
67, 267713
List the prime factors of 1969707982.
2, 11, 2749, 32569
What are the prime factors of 2502070?
2, 5, 151, 1657
What are the prime factors of 525828013?
1321, 398053
List the prime factors of 34200336.
2, 3, 712507
List the prime factors of 2938068921.
3, 23, 4153, 10253
List the prime factors of 1015036507.
1015036507
List the prime factors of 1726587402.
2, 3, 173, 1663379
What are the prime factors of 3249517239?
3, 361057471
List the prime factors of 549222438.
2, 3, 431, 212383
List the prime factors of 332082865.
5, 487, 136379
List the prime factors of 126624397.
37, 839, 4079
List the prime factors of 2134273707.
3, 23, 269, 38329
What are the prime factors of 185599370?
2, 5, 11, 17, 99251
What are the prime factors of 1445289296?
2, 11, 8211871
List the prime factors of 1683244238.
2, 13, 19, 277, 12301
What are the prime 